6
-32123
What is -706 (base 8) in base 13?
-28c
What is 9943 (base 12) in base 9?
25156
What is -21026 (base 7) in base 13?
-2474
Convert 151737 (base 8) to base 2.
1101001111011111
Convert -1372 (base 11) to base 3.
-2102200
Convert -11101101 (base 3) to base 6.
-22444
What is 3aa (base 11) in base 15?
223
-2a1b (base 15) to base 8
-21502
31077 (base 8) to base 4
3020333
What is -10001000011000 (base 2) in base 5?
-234403
4c (base 15) to base 13
57
Convert 11015 (base 10) to base 2.
10101100000111
Convert -1000011001010 (base 2) to base 13.
-1c58
-233 (base 5) to base 16
-44
-12364 (base 9) to base 2
-10000010000000
26cc (base 15) to base 2
10000001100100
What is 752 (base 8) in base 2?
111101010
What is 5132 (base 10) in base 9?
7032
What is -1c14 (base 15) in base 7?
-23524
3b0 (base 16) to base 4
32300
Convert 1b070 (base 14) to base 8.
206132
Convert 10334 (base 5) to base 16.
2cf
What is -3545 (base 7) in base 16?
-51b
What is 101121021 (base 3) in base 2?
1111000110001
Convert -23048 (base 11) to base 15.
-9d1c
Convert -3b74 (base 14) to base 16.
-28fa
What is 42 (base 8) in base 6?
54
What is -114143 (base 5) in base 6?
-31522
20616 (base 9) to base 7
54501
Convert -27dc (base 15) to base 13.
-3b64
-55b8 (base 13) to base 8
-27315
680 (base 12) to base 15
440
-40a2 (base 15) to base 8
-32524
530450 (base 6) to base 2
1010011110111110
Convert 3159 (base 11) to base 13.
1b95
What is 551 (base 7) in base 9?
342
Convert 10545 (base 6) to base 10.
1505
-237 (base 14) to base 13
-27c
Convert 1110011101000 (base 2) to base 16.
1ce8
What is 6 (base 16) in base 5?
11
Convert 713 (base 9) to base 14.
2d5
What is -1153 (base 8) in base 10?
-619
6678 (base 10) to base 11
5021
Convert -334 (base 5) to base 6.
-234
75 (base 11) to base 5
312
121001 (base 3) to base 10
433
Convert -110001110100100 (base 2) to base 5.
-1304013
What is -18072 (base 9) in base 12?
-7262
Convert 24d (base 15) to base 7.
1345
5252 (base 7) to base 6
12322
Convert -7077 (base 8) to base 9.
-5002
What is -1350 (base 11) in base 4?
-123111
Convert -1120500 (base 6) to base 8.
-157564
Convert -11001100010 (base 2) to base 4.
-121202
Convert 10011022201 (base 3) to base 11.
42806
What is -4472 (base 11) in base 4?
-1123333
1441433 (base 5) to base 9
46307
What is -1738 (base 10) in base 16?
-6ca
Convert 1cd5 (base 14) to base 16.
14a3
-7430 (base 8) to base 12
-22a0
-1766 (base 10) to base 13
-a5b
What is 11131 (base 5) in base 12?
55b
What is 5af (base 16) in base 4?
112233
159 (base 15) to base 2
100110101
1e2 (base 15) to base 14
233
What is 200436 (base 7) in base 10?
33837
What is 581 (base 13) in base 14?
4bc
-1401 (base 10) to base 16
-579
-2764 (base 8) to base 15
-6b9
What is -3607 (base 8) in base 7?
-5422
Convert 111000001 (base 2) to base 4.
13001
-210 (base 16) to base 14
-29a
Convert 265 (base 7) to base 15.
9a
What is 304121 (base 5) in base 10?
9911
Convert -4ac7 (base 15) to base 13.
-733c
What is 2186 (base 10) in base 16?
88a
What is ea (base 16) in base 8?
352
What is 7c (base 14) in base 11?
a0
What is -122011021 (base 3) in base 14?
-47b6
What is -16373 (base 9) in base 6?
-124020
246 (base 15) to base 3
201010
Convert 212210 (base 3) to base 13.
3a5
Convert 221210121 (base 3) to base 13.
873a
Convert -1030 (base 8) to base 5.
-4121
What is 11011202 (base 3) in base 4?
233210
Convert 1157 (base 12) to base 11.
1503
-111012112 (base 3) to base 11
-7261
What is 11110010 (base 2) in base 16?
f2
-7663 (base 8) to base 2
-111110110011
3020 (base 5) to base 15
1aa
Convert 51e8 (base 15) to base 13.
7b62
-10969 (base 12) to base 15
-6843
What is 2672 (base 13) in base 4?
1111331
200010 (base 3) to base 12
349
What is 1559 (base 10) in base 16?
617
What is -101100 (base 2) in base 12?
-38
What is 3042 (base 5) in base 16?
18d
Convert 262 (base 12) to base 6.
1402
-6372 (base 10) to base 12
-3830
Convert 176 (base 8) to base 12.
a6
-dd (base 15) to base 3
-21201
Convert 76236 (base 9) to base 6.
1025440
What is -1864 (base 13) in base 10?
-3631
Convert -1244 (base 6) to base 16.
-13c
What is 520440 (base 6) in base 12?
20120
3f40 (base 16) to base 6
202544
-2228 (base 10) to base 9
-3045
Convert -588 (base 10) to base 16.
-24c
102101021 (base 3) to base 11
6262
-277 (base 16) to base 3
-212101
-200 (base 8) to base 5
-1003
31316 (base 7) to base 4
1320122
What is -3254 (base 6) in base 9?
-1027
What is -10001210 (base 3) in base 5?
-32420
1635 (base 11) to base 15
94a
What is 1471 (base 8) in base 9?
1116
-25b (base 15) to base 16
-218
What is -301 (base 14) in base 9?
-724
What is -24a (base 11) in base 10?
-296
-1233 (base 4) to base 13
-87
-4933 (base 15) to base 16
-3cd5
Convert -22202 (base 3) to base 10.
-236
660 (base 15) to base 11
109a
Convert 27370 (base 8) to base 10.
12024
18435 (base 12) to base 15
a652
What is -1011001111100 (base 2) in base 5?
-141011
What is 233436 (base 7) in base 2?
1010010001010101
1b11 (base 15) to base 13
2893
Convert -27ed (base 15) to base 3.
-102201121
-3d2b (base 15) to base 13
-5c60
374 (base 12) to base 7
1342
21106 (base 9) to base 10
13938
Convert 70e (base 15) to base 14.
817
-350 (base 7) to base 13
-110
What is -1925 (base 14) in base 2?
-1000110111101
Convert -132322 (base 4) to base 11.
-1539
Convert -9942 (base 12) to base 7.
-100160
What is -293 (base 13) in base 6?
-2042
What is -28 (base 15) in base 6?
-102
589 (base 11) to base 2
1010111110
-330 (base 7) to base 10
-168
Convert -1902 (base 10) to base 15.
-86c
-212511 (base 7) to base 6
-443030
What is 38b3 (base 13) in base 2?
1111110011001
Convert -1b6 (base 15) to base 3.
-112200
What is 100211112 (base 3) in base 14?
2881
Convert -10000100 (base 2) to base 14.
-96
-9c5 (base 15) to base 6
-14122
37b0 (base 12) to base 4
1202310
What is 1100100001 (base 2) in base 12?
569
-295 (base 10) to base 5
-2140
-11422 (base 13) to base 6
-401354
What is 1102120 (base 3) in base 4?
100101
What is 10121 (base 3) in base 11?
89
-352 (base 6) to base 15
-95
Convert -34227 (base 9) to base 10.
-22786
-4348 (base 10) to base 6
-32044
What is -1304 (base 7) in base 3?
-200022
What is -3a90 (base 11) in base 16?
-14b6
What is -888 (base 15) in base 10?
-1928
What is -13562 (base 8) in base 2?
-1011101110010
1011110110111 (base 2) to base 9
8285
-211112221 (base 3) to base 9
-24487
What is -2231230 (base 4) in base 8?
-25554
-1110421 (base 5) to base 11
-13705
-8801 (base 10) to base 15
-291b
310 (base 11) to base 16
176
Convert -1723 (base 11) to base 16.
-89b
21111100 (base 3) to base 15
1943
Convert 67ac (base 16) to base 8.
63654
4343 (base 7) to base 12
a92
What is -32bb (base 15) in base 5?
-321001
1d5 (base 15) to base 10
425
Convert -212033 (base 4) to base 6.
-15155
What is -344a4 (base 11) in base 15?
-eb80
What is 671 (base 12) in base 6?
4221
Convert -1021112 (base 3) to base 7.
-2501
What is 2767 (base 8) in base 12?
a73
What is 16114 (base 13) in base 15?
c654
Convert 244004 (base 5) to base 12.
5432
3c61 (base 16) to base 6
155321
Convert 6c (base 15) to base 7.
204
Convert 3285 (base 10) to base 14.
12a9
What is 1c1 (base 15) in base 16?
196
What is -40e (base 15) in base 7?
-2444
What is -1458 (base 14) in base 12?
-2106
What is -a633 (base 14) in base 7?
-146363
Convert -1643 (base 11) to base 14.
-aa4
What is 3143 (base 5) in base 11?
355
What is 2504 (base 7) in base 6?
4155
Convert 700 (base 8) to base 13.
286
What is 2021 (base 6) in base 9?
544
Convert 2310 (base 7) to base 2.
1101001000
What is 101110 (base 2) in base 14?
34
What is -515022 (base 6) in base 9?
-62545
What is 92c5 (base 15) in base 2?
111100100100010
What is -5c31 (base 13) in base 7?
-53025
Convert 20405 (base 6) to base 12.
1705
1110110100 (base 2) to base 6
4220
Convert 23360 (base 10) to base 15.
6dc5
Convert -13321 (base 4) to base 11.
-41a
What is -20 (base 12) in base 7?
-33
What is 67 (base 10) in base 5?
232
-1475 (base 10) to base 3
-2000122
Convert -1111001010 (base 2) to base 13.
-598
-1120 (base 8) to base 14
-304
b45 (base 12) to base 16
665
1125 (base 15) to base 12
212b
-3010 (base 4) to base 11
-169
Convert -1011100110 (base 2) to base 3.
-1000111
What is -3437 (base 9) in base 2?
-100111110001
-46212 (base 7) to base 14
-4409
1270 (base 9) to base 16
3ba
What is